 Give h(v).
27
Let s(y) be the second derivative of y**5/20 + y**4/6 - y**3/2 - y**2 + 2*y. Suppose -270 = 9*d - 3*d. Let n = 42 + d. Determine s(n).
-2
Let w(v) = 16*v**2 - 2*v + 4. Let b(c) = 3*c**2 + 1. Let s(m) = -22*b(m) + 4*w(m). What is s(-6)?
-30
Let b(d) be the second derivative of d**5/20 - d**4/12 - 5*d**3/6 - d**2 - 82*d. Give b(-3).
-23
Let n(x) = -4*x**2 - 1479*x - 16 + 3*x**2 + 736*x + 736*x. Give n(-4).
-4
Suppose -39 = -2*y - 11*y. Let f(l) = 5*l**3 + 7*l**3 + 1 - 14*l**y + 4*l**3. What is f(-1)?
-1
Let n(j) = j**2 - j + 2. Let f(s) = 3*s**2 - 4*s + 6. Let d(u) = -f(u) + 2*n(u). Calculate d(4).
-10
Let z(d) be the second derivative of -d**7/420 - d**6/120 - d**5/120 - d**4/24 + 2*d**3 - 2*d. Let m(c) be the second derivative of z(c). What is m(-2)?
5
Let s(z) be the third derivative of -z**5/24 + z**4/6 - 8*z**3/3 - 17*z**2. Let b(g) be the first derivative of s(g). Calculate b(3).
-11
Let x(v) = v**2 + 7*v - 6. Let f = -16 - -13. Let g be -2 + 2 + f - 5. Let w = 1 + g. Determine x(w).
-6
Let d(c) = -c**2 - 12*c - 14 - 10*c - 9*c + 19*c. Give d(-11).
-3
Let s(a) = -a**3 + 2*a. Let b(u) = 5*u**3 + u**2 + 11*u - 1. Let z(t) = b(t) - 5*s(t). Calculate z(1).
11
Let n(k) = k - 4. Let z(l) = 5*l - 19. Let c(x) = -2*n(x) + z(x). Determine c(10).
19
Suppose 85 = -8*i + 3*i. Suppose -3*w = -9, p + 5*w = 3*p + 39. Let a = i - p. Let s(n) = n**2 + 7*n - 1. Calculate s(a).
-11
Let d(t) = -t**2 - t + 2. Let j be d(-2). Let o = j + -5. Let q(f) = -f + 7. Let s(p) = p - 7. Let x(v) = o*q(v) - 6*s(v). Determine x(0).
7
Let u(c) = -c**2 - 8*c + 7. Let d be u(-6). Let s = -23 + d. Let w(n) = -n - 9. Determine w(s).
-5
Let g(o) = -3 + 4 - 5 - o**2 + 11 - 4. Suppose h + 17 = 5*v, -2*h + 5 = -v - 6*h. Suppose 4*y - 3*y + 2 = 5*s, -v*y + 5*s = -4. Give g(y).
-6
Let g be (-7)/(3*2/6). Let w be g - ((1 - 0) + -2). Let u(i) = -2*i**2 - 4 + 5*i + i**2 - 5*i - 6*i. Give u(w).
-4
Let q(t) = 13*t**3 + 3*t**2 + 4*t - 4. Let g(m) = m**3 - m**2 - m + 1. Let a(l) = 4*g(l) + q(l). Determine a(-1).
-18
Let u(m) = -6*m**2 - 4*m. Let c be 12/(-15)*(-75)/(-10). Let j(t) = 7*t**2 + 5*t. Let g(b) = c*u(b) - 5*j(b). What is g(1)?
0
Let h(x) = -11*x + 10*x - x**2 - x**2 - x**2. Calculate h(1).
-4
Let s(r) = r**2 + 4. Let z = 13 + -9. Let k be 0*(-3 + z)*-1. Let m be s(k). Let i(j) = j**3 - 5*j**2 + 4*j + 4. Give i(m).
4
Let v(b) = -b**3 + 10*b**2 + 3*b - 14. Let g be v(10). Let k = -38 + 28. Let x = k + g. Let h(f) = f**2 - 5*f - 8. Determine h(x).
-2
Let j(l) = 4*l + 2. Let z be j(-2). Let u(k) = -k**2 - 1. Let t(p) = -7*p**2 - 3*p - 7. Let o(y) = t(y) - 6*u(y). Give o(z).
-19
Let o(z) = z**3 + 5*z**2 + 2*z - 2. Let y(r) = -6 - r - 3 - 6. Let x be y(-11). Let i be o(x). Let l(c) = c - 2. Determine l(i).
4
Let m be -2 - (-2)/2 - -9. Let y(h) = -h + 250647472 - 250647472. Determine y(m).
-8
Let g(b) be the second derivative of -b**3/6 + 17*b**2/2 + 260*b. What is g(7)?
10
Let w(k) = 3*k**3 - 8*k**2 - 5*k + 11. Let q(c) = -c**3 + c**2 - 1. Let l(s) = -2*q(s) - w(s). Give l(7).
-23
Let n(m) = -10*m + 18. Let x = 1655 - 1653. Calculate n(x).
-2
Let x(u) = -u**3 + 2*u**2 + 2*u. Suppose q - 2*q = 0. Suppose -5*z + 12 = -q*r - r, -5*r + 21 = 2*z. Calculate x(r).
-3
Let w(m) = -4*m**2 - 2*m. Let v(b) = b**3 + b**2 - 18*b - 23. Let o be v(-4). What is w(o)?
-6
Let j = 17 + -7. Suppose 0*q = -j*q - 5*q. Let f(v) = v**2 - v + 12. Calculate f(q).
12
Suppose -4*a = -a + 4*u - 9, 5*a = -5*u + 20. Let g be 32/14 + (-2)/a. Let v(l) = 1 - 4*l**2 - 2 + 5*l**2 - 2*l**g - 9*l. Calculate v(-7).
13
Let k(f) = -1. Let w(s) = 0*s + 8*s + 1 - 7*s - s**2 + 0*s**2. Let c(b) = 2*k(b) - w(b). Determine c(4).
9
Let u be 2*(-1 + 5 - -1). Let h(o) = 5*o**2 - 2*o**2 - 4*o**2 + u*o**3. Let g(a) = -a**3 + a + 1. Let j be g(-1). Determine h(j).
9
Let b(p) = -p**3 + 8*p**2 + 14*p - 18. Suppose -m = -0*m - 5*s + 16, -20 = -4*s. Give b(m).
27
Let q(g) = g**3 + 4*g**2 - 4*g. Suppose -107*w + 106*w - 2*c = -6, -3*w - 4*c + 8 = 0. Calculate q(w).
16
Let a(r) = r + 4. Let j(v) = -5*v - 22. Let k(i) = -22*a(i) - 4*j(i). What is k(-6)?
12
Let p(v) be the first derivative of -v**3 - 158. Give p(1).
-3
Let h(c) = 81*c + 320. Let n be h(-4). Let w(g) = -g**3 - 3*g**2 + 4*g - 5. Give w(n).
-5
Suppose -50*p + 85*p - 50*p = 0. Let y(t) be the second derivative of -7/2*t**2 + p - 1/6*t**3 - 12*t. Give y(-6).
-1
Let a(h) = -h**2 - 4*h + 1. Let n be ((-4)/(-8))/(3/54). Let q = 16 + n. Suppose -4*c + 2*c + b = 7, -2*c - q = 5*b. Calculate a(c).
-4
Let b(g) be the first derivative of -14 + 0*g**2 - 1/3*g**3 + 0*g. Calculate b(-2).
-4
Let y(g) = -81*g + 27*g + 24*g + 29*g. Calculate y(-3).
3
Let t(k) = -10 - 8*k + 39 - 28. Calculate t(-1).
9
Let r(b) = 2*b**3 - 5*b**2 + b + 4. Let l(q) = -q**3 - q. Let y(f) = -l(f) - r(f). Calculate y(4).
12
Let w = 140 - 142. Let x = 3 - 3. Let r(k) = x*k + 0*k + 0*k**2 + k**2 + 3*k - 2. What is r(w)?
-4
Let c = 3182 - 3185. Let q(z) = z**3 + 4*z**2 - z - 4. What is q(c)?
8
Let y(l) = -1489 + 2983 - 1483 + l**3 + 11*l**2. Give y(-11).
11
Let v be (-1)/(14/164) + (-8)/28. Let g(x) be the third derivative of -x**4/24 - 11*x**3/6 - x**2. Let q be g(v). Let h(n) = -6*n**2 - 1. Calculate h(q).
-7
Suppose -5 = -7*r + 16. Let g(t) = 2*t**3 + t**2 + 4 - 8*t - 4*t**3 + 0*t**2. Let v(k) = -3*k**3 - 9*k + 5. Let j(l) = r*v(l) - 4*g(l). What is j(-5)?
-1
Suppose 0 = -3*o + 3*c + 20 + 7, 3*o = -3*c + 39. Let i(s) = -s - 9 + o*s + 8 + 2. Suppose -2*z + 11 = -5*v, -3*z + 6 = -3*v - 2*z. Calculate i(v).
-9
Let c(p) = 2*p**2 - 4*p + 3. Let x be (104/10)/(3*12/(-270)). Let a = x - -80. Give c(a).
3
Let t(k) = -k - 2. Let l be 2/13 - 1035/(-117). Let w be (-1)/(-2)*(l - 11). What is t(w)?
-1
Let c(s) be the second derivative of -s**4/12 + 4*s**3/3 + 8*s**2 + 3*s + 47. Calculate c(10).
-4
Let f(m) be the third derivative of m**6/120 + m**5/12 + m**4/12 + m**3/2 + m**2 + m - 335. Let g(y) = y**2 - 4*y. Let t be g(2). Give f(t).
11
Let z be (-2 - 31)/(-11) + 4 + 1. Let h(f) be the second derivative of -f**3/3 + 3*f**2 + 2*f. Determine h(z).
-10
Let o be -1 - (0 + 1)*-1. Let h = -7 - -11. Let j(d) = -3*d - 9 + 3*d - d + h. What is j(o)?
-5
Suppose 26 = 2*n - 2. Let b(j) = -n + 12 + 11*j - 4*j. Let t = 15 - 17. What is b(t)?
-16
Let w(b) = b**2 - 12. Let l = -40 - -42. Suppose 2*c - l*c = c. Calculate w(c).
-12
Suppose f = -4*f - 3*g - 60, -26 = 4*f - 2*g. Let d(v) = -v. Let c(w) = -7*w - 5. Let m(p) = -c(p) + 6*d(p). Calculate m(f).
-4
Let m(k) be the first derivative of k**3/3 + 5*k**2 + 52. Calculate m(-11).
11
Let f(w) be the first derivative of w**2 + 8/3*w**3 - 2 - w. Give f(1).
9
Let o = 32 - 35. Let m be 0/(15/o) - -2. Let x(r) = -1. Let z(q) = -2*q - 3. Let k(l) = x(l) - z(l). What is k(m)?
6
Let t = 47 - 42. Let b be 5*(-4 + 21/t). Let w(k) = -7*k + 1. Calculate w(b).
-6
Suppose 0 = 59*c - 58*c - 1. Let t(n) = 5*n**3 - 2*n**2 + 1. Give t(c).
4
Let d(b) = 4 + 13 - 31 + 3 + 13 - 2*b. What is d(1)?
0
Let d(h) = -63*h + 13. Let i(j) = 16*j - 3. Let g(k) = 2*d(k) + 9*i(k). Let f(q) = -9*q. Let t(x) = 5*f(x) + 3*g(x). Calculate t(3).
24
Let a(m) = -13 - 4*m**3 + 5*m**3 + 2*m**2 + 9 + m - 4*m**2. Let j be 3/6 - (-6)/4. Let g be a(j). Let n(h) = -2*h + 1. What is n(g)?
5
Suppose 5*d + 3*r = 5, 8 = 5*d - 5*r + 3. Let z(m) = -28*m**3 + 2*m**2 - m. Determine z(d).
-27
Let t(w) = w**3 - 30 + 29 - 5*w**2 - 5. Determine t(5).
-6
Suppose 4 = y - 0. Let o(x) = 0 - 1 - y*x - 2*x**2 + x**3 + x - 2*x**2. Let a(z) = -z**3 + 12*z**2 + z - 7. Let f be a(12). What is o(f)?
9
Suppose 0 = 5*u - 2 + 17. Let b(s) = 5*s - 9. Let k(a) = 4*a - 9. Let n(h) = u*b(h) + 4*k(h). Give n(7).
-2
Let o(r) = r**2 - 9*r - 6. Let l(n) = -n**2 + 6*n + 8. Let b(m) = 4*l(m) + 3*o(m). Give b(-6).
-4
Let x(p) = -2*p + 5 - 3 - 1. Let o be 1 - 4324/(-24) - 4/24. Let k = o - 185. Give x(k).
9
Let a(z) = 13*z - 3*z - 7*z + 1 - 4*z. Let c = 89 + -82. Calculate a(c).
-6
Let a(o) = -o**2 - 6*o - 4. Suppose -g - 20 = -17. Determine a(g).
5
Let l(s) = -2*s**2 + 18*s + 8. Suppose 0 = j - 2*w + 1, -21 = -5*j - 5*w + 49. Calculate l(j).
8
Let b(g) = g**2 - g. Let y be -3 - -6 - 22/2. Let o be 12/y*(-3 + 1). Suppose -o*u + 15 = 2*a, 0 = 2*u + u - 15. Give b(a).
0
Let a(p) = 9*p + 1. Let n = 619 + -622. Give a(n).
-26
Let g(l) = -15*l - 41. Let b(r) = -4*r -